[INFO] cloning repository https://github.com/NilsIrl/RustyBot
[INFO] running `Command { std: "git" "-c" "credential.helper=" "-c" "credential.helper=/workspace/cargo-home/bin/git-credential-null" "clone" "--bare" "https://github.com/NilsIrl/RustyBot" "/workspace/cache/git-repos/https%3A%2F%2Fgithub.com%2FNilsIrl%2FRustyBot", kill_on_drop: false }`
[INFO] [stderr] Cloning into bare repository '/workspace/cache/git-repos/https%3A%2F%2Fgithub.com%2FNilsIrl%2FRustyBot'...
[INFO] running `Command { std: "git" "rev-parse" "HEAD", kill_on_drop: false }`
[INFO] [stdout] 88c019d4370f50a92396168ea26c78af7595a81e
[INFO] checking NilsIrl/RustyBot against master#9610dfe5a9a731ced1ea4923ecbd0c57fe367898 for beta-170-4
[INFO] running `Command { std: "git" "clone" "/workspace/cache/git-repos/https%3A%2F%2Fgithub.com%2FNilsIrl%2FRustyBot" "/workspace/builds/worker-5-tc1/source", kill_on_drop: false }`
[INFO] [stderr] Cloning into '/workspace/builds/worker-5-tc1/source'...
[INFO] [stderr] done.
[INFO] validating manifest of git repo https://github.com/NilsIrl/RustyBot on toolchain 9610dfe5a9a731ced1ea4923ecbd0c57fe367898
[INFO] running `Command { std: CARGO_HOME="/workspace/cargo-home" RUSTUP_HOME="/workspace/rustup-home" "/workspace/cargo-home/bin/cargo" "+9610dfe5a9a731ced1ea4923ecbd0c57fe367898" "metadata" "--manifest-path" "Cargo.toml" "--no-deps", kill_on_drop: false }`
[INFO] started tweaking git repo https://github.com/NilsIrl/RustyBot
[INFO] finished tweaking git repo https://github.com/NilsIrl/RustyBot
[INFO] tweaked toml for git repo https://github.com/NilsIrl/RustyBot written to /workspace/builds/worker-5-tc1/source/Cargo.toml
[INFO] crate git repo https://github.com/NilsIrl/RustyBot already has a lockfile, it will not be regenerated
[INFO] running `Command { std: CARGO_HOME="/workspace/cargo-home" RUSTUP_HOME="/workspace/rustup-home" "/workspace/cargo-home/bin/cargo" "+9610dfe5a9a731ced1ea4923ecbd0c57fe367898" "fetch" "--manifest-path" "Cargo.toml", kill_on_drop: false }`
[INFO] [stderr]  Downloading crates ...
[INFO] [stderr]   Downloaded pin-project-lite v0.1.9
[INFO] running `Command { std: "docker" "create" "-v" "/var/lib/crater-agent-workspace/builds/worker-5-tc1/target:/opt/rustwide/target:rw,Z" "-v" "/var/lib/crater-agent-workspace/builds/worker-5-tc1/source:/opt/rustwide/workdir:ro,Z" "-v" "/var/lib/crater-agent-workspace/cargo-home:/opt/rustwide/cargo-home:ro,Z" "-v" "/var/lib/crater-agent-workspace/rustup-home:/opt/rustwide/rustup-home:ro,Z" "-e" "SOURCE_DIR=/opt/rustwide/workdir" "-e" "CARGO_TARGET_DIR=/opt/rustwide/target" "-e" "CARGO_HOME=/opt/rustwide/cargo-home" "-e" "RUSTUP_HOME=/opt/rustwide/rustup-home" "-w" "/opt/rustwide/workdir" "-m" "1610612736" "--user" "0:0" "--network" "none" "ghcr.io/rust-lang/crates-build-env/linux@sha256:19e73879b68f455e41552ea35293514db52ea292d993f571636dbffedb77a1ee" "/opt/rustwide/cargo-home/bin/cargo" "+9610dfe5a9a731ced1ea4923ecbd0c57fe367898" "metadata" "--no-deps" "--format-version=1", kill_on_drop: false }`
[INFO] [stdout] 7b2dc694c12dcf365fae07e9d809fba26a8c702063d5f3e02e3b88d6e0c5a478
[INFO] running `Command { std: "docker" "start" "-a" "7b2dc694c12dcf365fae07e9d809fba26a8c702063d5f3e02e3b88d6e0c5a478", kill_on_drop: false }`
[INFO] running `Command { std: "docker" "inspect" "7b2dc694c12dcf365fae07e9d809fba26a8c702063d5f3e02e3b88d6e0c5a478", kill_on_drop: false }`
[INFO] running `Command { std: "docker" "rm" "-f" "7b2dc694c12dcf365fae07e9d809fba26a8c702063d5f3e02e3b88d6e0c5a478", kill_on_drop: false }`
[INFO] [stdout] 7b2dc694c12dcf365fae07e9d809fba26a8c702063d5f3e02e3b88d6e0c5a478
[INFO] running `Command { std: "docker" "create" "-v" "/var/lib/crater-agent-workspace/builds/worker-5-tc1/target:/opt/rustwide/target:rw,Z" "-v" "/var/lib/crater-agent-workspace/builds/worker-5-tc1/source:/opt/rustwide/workdir:ro,Z" "-v" "/var/lib/crater-agent-workspace/cargo-home:/opt/rustwide/cargo-home:ro,Z" "-v" "/var/lib/crater-agent-workspace/rustup-home:/opt/rustwide/rustup-home:ro,Z" "-e" "SOURCE_DIR=/opt/rustwide/workdir" "-e" "CARGO_TARGET_DIR=/opt/rustwide/target" "-e" "CARGO_INCREMENTAL=0" "-e" "RUST_BACKTRACE=full" "-e" "RUSTFLAGS=--cap-lints=forbid" "-e" "RUSTDOCFLAGS=--cap-lints=forbid" "-e" "CARGO_HOME=/opt/rustwide/cargo-home" "-e" "RUSTUP_HOME=/opt/rustwide/rustup-home" "-w" "/opt/rustwide/workdir" "-m" "1610612736" "--user" "0:0" "--network" "none" "ghcr.io/rust-lang/crates-build-env/linux@sha256:19e73879b68f455e41552ea35293514db52ea292d993f571636dbffedb77a1ee" "/opt/rustwide/cargo-home/bin/cargo" "+9610dfe5a9a731ced1ea4923ecbd0c57fe367898" "check" "--frozen" "--all" "--all-targets" "--message-format=json", kill_on_drop: false }`
[INFO] [stdout] 9e61e60d93bf31f8fe876d353b035e767efe8d94526316379aaeb1ee4f932c3c
[INFO] running `Command { std: "docker" "start" "-a" "9e61e60d93bf31f8fe876d353b035e767efe8d94526316379aaeb1ee4f932c3c", kill_on_drop: false }`
[INFO] [stderr]    Compiling libc v0.2.80
[INFO] [stderr]    Compiling proc-macro2 v1.0.18
[INFO] [stderr]    Compiling syn v1.0.33
[INFO] [stderr]    Compiling hashbrown v0.8.2
[INFO] [stderr]    Compiling indexmap v1.5.1
[INFO] [stderr]     Checking once_cell v1.4.1
[INFO] [stderr]    Compiling memchr v2.3.4
[INFO] [stderr]    Compiling byteorder v1.3.4
[INFO] [stderr]     Checking tinyvec v0.3.4
[INFO] [stderr]     Checking unicode-normalization v0.1.13
[INFO] [stderr]    Compiling cc v1.0.60
[INFO] [stderr]    Compiling pear_codegen v0.1.4
[INFO] [stderr]     Checking futures-core v0.3.5
[INFO] [stderr]    Compiling serde_derive v1.0.117
[INFO] [stderr]     Checking itoa v0.4.6
[INFO] [stderr]    Compiling quote v1.0.2
[INFO] [stderr]    Compiling cfg-if v0.1.10
[INFO] [stderr]    Compiling serde v1.0.117
[INFO] [stderr]     Checking untrusted v0.7.1
[INFO] [stderr]     Checking net2 v0.2.35
[INFO] [stderr]     Checking iovec v0.1.4
[INFO] [stderr]     Checking num_cpus v1.13.0
[INFO] [stderr]     Checking time v0.1.44
[INFO] [stderr]     Checking pin-project-lite v0.1.9
[INFO] [stderr]    Compiling pin-project-internal v0.4.23
[INFO] [stderr]     Checking mio v0.6.22
[INFO] [stderr]     Checking spin v0.5.2
[INFO] [stderr]    Compiling log v0.4.8
[INFO] [stdout] error[E0557]: feature has been removed
[INFO] [stdout]  --> /opt/rustwide/cargo-home/registry/src/index.crates.io-6f17d22bba15001f/pear_codegen-0.1.4/src/lib.rs:1:12
[INFO] [stdout]   |
[INFO] [stdout] 1 | #![feature(crate_visibility_modifier)]
[INFO] [stdout]   |            ^^^^^^^^^^^^^^^^^^^^^^^^^ feature has been removed
[INFO] [stdout]   |
[INFO] [stdout]   = note: removed in favor of `pub(crate)`
[INFO] [stdout] 
[INFO] [stdout] 
[INFO] [stdout] error: expected one of `!` or `::`, found keyword `struct`
[INFO] [stdout]   --> /opt/rustwide/cargo-home/registry/src/index.crates.io-6f17d22bba15001f/pear_codegen-0.1.4/src/parser.rs:10:7
[INFO] [stdout]    |
[INFO] [stdout] 10 | crate struct Diagnostic(crate ::proc_macro::Diagnostic);
[INFO] [stdout]    |       ^^^^^^ expected one of `!` or `::`
[INFO] [stdout] 
[INFO] [stdout] 
[INFO] [stderr]    Compiling ring v0.16.15
[INFO] [stdout] error[E0412]: cannot find type `PResult` in this scope
[INFO] [stdout]   --> /opt/rustwide/cargo-home/registry/src/index.crates.io-6f17d22bba15001f/pear_codegen-0.1.4/src/lib.rs:65:39
[INFO] [stdout]    |
[INFO] [stdout] 65 | fn extract_input_ident(f: &ItemFn) -> PResult<Ident> {
[INFO] [stdout]    |                                       ^^^^^^^ help: a type alias with a similar name exists: `Result`
[INFO] [stdout]    |
[INFO] [stdout]   ::: /opt/rustwide/cargo-home/registry/src/index.crates.io-6f17d22bba15001f/syn-0.15.44/src/error.rs:18:1
[INFO] [stdout]    |
[INFO] [stdout] 18 | pub type Result<T> = std::result::Result<T, Error>;
[INFO] [stdout]    | ------------------ similarly named type alias `Result` defined here
[INFO] [stdout] 
[INFO] [stdout] 
[INFO] [stdout] error[E0412]: cannot find type `PResult` in this scope
[INFO] [stdout]   --> /opt/rustwide/cargo-home/registry/src/index.crates.io-6f17d22bba15001f/pear_codegen-0.1.4/src/lib.rs:78:44
[INFO] [stdout]    |
[INFO] [stdout] 78 | fn parser_attribute(input: TokenStream) -> PResult<TokenStream2> {
[INFO] [stdout]    |                                            ^^^^^^^ help: a type alias with a similar name exists: `Result`
[INFO] [stdout]    |
[INFO] [stdout]   ::: /opt/rustwide/cargo-home/registry/src/index.crates.io-6f17d22bba15001f/syn-0.15.44/src/error.rs:18:1
[INFO] [stdout]    |
[INFO] [stdout] 18 | pub type Result<T> = std::result::Result<T, Error>;
[INFO] [stdout]    | ------------------ similarly named type alias `Result` defined here
[INFO] [stdout] 
[INFO] [stdout] 
[INFO] [stdout] error[E0412]: cannot find type `Case` in this scope
[INFO] [stdout]    --> /opt/rustwide/cargo-home/registry/src/index.crates.io-6f17d22bba15001f/pear_codegen-0.1.4/src/lib.rs:142:6
[INFO] [stdout]     |
[INFO] [stdout] 142 | impl Case {
[INFO] [stdout]     |      ^^^^ not found in this scope
[INFO] [stdout] 
[INFO] [stdout] 
[INFO] [stdout] error[E0412]: cannot find type `Case` in this scope
[INFO] [stdout]    --> /opt/rustwide/cargo-home/registry/src/index.crates.io-6f17d22bba15001f/pear_codegen-0.1.4/src/lib.rs:144:38
[INFO] [stdout]     |
[INFO] [stdout] 144 |         where I: Iterator<Item = &'a Case>
[INFO] [stdout]     |                                      ^^^^ not found in this scope
[INFO] [stdout] 
[INFO] [stdout] 
[INFO] [stdout] error[E0433]: failed to resolve: use of undeclared type `Pattern`
[INFO] [stdout]    --> /opt/rustwide/cargo-home/registry/src/index.crates.io-6f17d22bba15001f/pear_codegen-0.1.4/src/lib.rs:161:13
[INFO] [stdout]     |
[INFO] [stdout] 161 |             Pattern::Wild(..) => quote!(#case_expr),
[INFO] [stdout]     |             ^^^^^^^ use of undeclared type `Pattern`
[INFO] [stdout]     |
[INFO] [stdout] help: consider importing this trait
[INFO] [stdout]     |
[INFO] [stdout] 13  + use std::str::pattern::Pattern;
[INFO] [stdout]     |
[INFO] [stdout] 
[INFO] [stdout] 
[INFO] [stdout] error[E0433]: failed to resolve: use of undeclared type `Pattern`
[INFO] [stdout]    --> /opt/rustwide/cargo-home/registry/src/index.crates.io-6f17d22bba15001f/pear_codegen-0.1.4/src/lib.rs:162:13
[INFO] [stdout]     |
[INFO] [stdout] 162 |             Pattern::Calls(ref calls) => {
[INFO] [stdout]     |             ^^^^^^^ use of undeclared type `Pattern`
[INFO] [stdout]     |
[INFO] [stdout] help: consider importing this trait
[INFO] [stdout]     |
[INFO] [stdout] 13  + use std::str::pattern::Pattern;
[INFO] [stdout]     |
[INFO] [stdout] 
[INFO] [stdout] 
[INFO] [stdout] error[E0412]: cannot find type `Switch` in this scope
[INFO] [stdout]    --> /opt/rustwide/cargo-home/registry/src/index.crates.io-6f17d22bba15001f/pear_codegen-0.1.4/src/lib.rs:201:6
[INFO] [stdout]     |
[INFO] [stdout] 201 | impl Switch {
[INFO] [stdout]     |      ^^^^^^ not found in this scope
[INFO] [stdout] 
[INFO] [stdout] 
[INFO] [stdout] error[E0433]: failed to resolve: use of undeclared type `Diagnostic`
[INFO] [stdout]    --> /opt/rustwide/cargo-home/registry/src/index.crates.io-6f17d22bba15001f/pear_codegen-0.1.4/src/lib.rs:215:13
[INFO] [stdout]     |
[INFO] [stdout] 215 |             Diagnostic::emit(e.into());
[INFO] [stdout]     |             ^^^^^^^^^^ use of undeclared type `Diagnostic`
[INFO] [stdout]     |
[INFO] [stdout] help: consider importing one of these items
[INFO] [stdout]     |
[INFO] [stdout] 13  + use proc_macro::Diagnostic;
[INFO] [stdout]     |
[INFO] [stdout] 13  + use proc_macro::bridge::Diagnostic;
[INFO] [stdout]     |
[INFO] [stdout] 
[INFO] [stdout] 
[INFO] [stdout] error[E0433]: failed to resolve: use of undeclared type `Case`
[INFO] [stdout]    --> /opt/rustwide/cargo-home/registry/src/index.crates.io-6f17d22bba15001f/pear_codegen-0.1.4/src/lib.rs:185:35
[INFO] [stdout]     |
[INFO] [stdout] 185 |                 let rest_tokens = Case::to_tokens(&input, parser_name, cases);
[INFO] [stdout]     |                                   ^^^^ use of undeclared type `Case`
[INFO] [stdout] 
[INFO] [stdout] 
[INFO] [stdout] error[E0433]: failed to resolve: use of undeclared type `Case`
[INFO] [stdout]    --> /opt/rustwide/cargo-home/registry/src/index.crates.io-6f17d22bba15001f/pear_codegen-0.1.4/src/lib.rs:203:9
[INFO] [stdout]     |
[INFO] [stdout] 203 |         Case::to_tokens(&self.input, &self.parser_name, self.cases.iter())
[INFO] [stdout]     |         ^^^^ use of undeclared type `Case`
[INFO] [stdout] 
[INFO] [stdout] 
[INFO] [stdout] error[E0433]: failed to resolve: use of undeclared type `Switch`
[INFO] [stdout]    --> /opt/rustwide/cargo-home/registry/src/index.crates.io-6f17d22bba15001f/pear_codegen-0.1.4/src/lib.rs:212:11
[INFO] [stdout]     |
[INFO] [stdout] 212 |     match Switch::syn_parse.parse(input) {
[INFO] [stdout]     |           ^^^^^^ use of undeclared type `Switch`
[INFO] [stdout] 
[INFO] [stdout] 
[INFO] [stderr] error: could not compile `pear_codegen` (lib) due to 14 previous errors
[INFO] [stdout] error: aborting due to 13 previous errors
[INFO] [stdout] 
[INFO] [stdout] 
[INFO] [stderr] warning: build failed, waiting for other jobs to finish...
[INFO] [stdout] Some errors have detailed explanations: E0412, E0433, E0557.
[INFO] [stdout] 
[INFO] [stdout] For more information about an error, try `rustc --explain E0412`.
[INFO] [stdout] 
[INFO] running `Command { std: "docker" "inspect" "9e61e60d93bf31f8fe876d353b035e767efe8d94526316379aaeb1ee4f932c3c", kill_on_drop: false }`
[INFO] running `Command { std: "docker" "rm" "-f" "9e61e60d93bf31f8fe876d353b035e767efe8d94526316379aaeb1ee4f932c3c", kill_on_drop: false }`
[INFO] [stdout] 9e61e60d93bf31f8fe876d353b035e767efe8d94526316379aaeb1ee4f932c3c
